{"id":394,"date":"2018-04-05T10:47:54","date_gmt":"2018-04-05T16:47:54","guid":{"rendered":"https:\/\/disenoweb.facmed.unam.mx\/?page_id=394"},"modified":"2022-03-09T13:53:11","modified_gmt":"2022-03-09T19:53:11","slug":"inicio","status":"publish","type":"page","link":"https:\/\/disenoweb.facmed.unam.mx\/","title":{"rendered":"Inicio"},"content":{"rendered":"<p>[et_pb_section fb_built=\u00bb1&#8243; _builder_version=\u00bb3.22&#8243; background_image=\u00bbhttps:\/\/disenoweb.facmed.unam.mx\/wp-content\/uploads\/2018\/04\/Mockup.jpg\u00bb custom_padding=\u00bb54px|0px|437px|0px\u00bb hover_enabled=\u00bb0&#8243; global_colors_info=\u00bb{}\u00bb sticky_enabled=\u00bb0&#8243;][\/et_pb_section][et_pb_section fb_built=\u00bb1&#8243; _builder_version=\u00bb3.22&#8243; global_colors_info=\u00bb{}\u00bb][et_pb_row _builder_version=\u00bb3.25&#8243; global_colors_info=\u00bb{}\u00bb][et_pb_column type=\u00bb4_4&#8243; _builder_version=\u00bb3.25&#8243; custom_padding=\u00bb|||\u00bb global_colors_info=\u00bb{}\u00bb custom_padding__hover=\u00bb|||\u00bb][et_pb_text _builder_version=\u00bb4.14.8&#8243; header_font=\u00bb||||||||\u00bb header_text_align=\u00bbcenter\u00bb animation_style=\u00bbfade\u00bb hover_enabled=\u00bb0&#8243; global_colors_info=\u00bb{}\u00bb text_font=\u00bb|600|||||||\u00bb text_text_color=\u00bb#000000&#8243; text_font_size=\u00bb15px\u00bb text_orientation=\u00bbcenter\u00bb sticky_enabled=\u00bb0&#8243;]<\/p>\n<h1>DISE\u00d1O WEB<\/h1>\n<p>Creaci\u00f3n de sitios Web innovadores y funcionales para la Facultad de Medicina de la UNAM, que cumplan con las diferentes necesidades tecnol\u00f3gicas para su optima visualizaci\u00f3n en las diferentes plataformas, partiendo de una correcta planeaci\u00f3n de estrategias enfocadas a cumplir los objetivos espec\u00edficos de cada proyecto.<\/p>\n<p>[\/et_pb_text][\/et_pb_column][\/et_pb_row][\/et_pb_section]<\/p>\n","protected":false},"excerpt":{"rendered":"<p>DISE\u00d1O WEB Creaci\u00f3n de sitios Web innovadores y funcionales para la Facultad de Medicina de la UNAM, que cumplan con las diferentes necesidades tecnol\u00f3gicas para su optima visualizaci\u00f3n en las diferentes plataformas, partiendo de una correcta planeaci\u00f3n de estrategias enfocadas a cumplir los objetivos espec\u00edficos de cada proyecto.<\/p>\n","protected":false},"author":1,"featured_media":0,"parent":0,"menu_order":0,"comment_status":"closed","ping_status":"closed","template":"","meta":{"_et_pb_use_builder":"on","_et_pb_old_content":"","_et_gb_content_width":"","jetpack_post_was_ever_published":false,"footnotes":""},"jetpack_sharing_enabled":true,"jetpack_shortlink":"https:\/\/wp.me\/PaVGAT-6m","amp_enabled":false,"_links":{"self":[{"href":"https:\/\/disenoweb.facmed.unam.mx\/index.php\/wp-json\/wp\/v2\/pages\/394"}],"collection":[{"href":"https:\/\/disenoweb.facmed.unam.mx\/index.php\/wp-json\/wp\/v2\/pages"}],"about":[{"href":"https:\/\/disenoweb.facmed.unam.mx\/index.php\/wp-json\/wp\/v2\/types\/page"}],"author":[{"embeddable":true,"href":"https:\/\/disenoweb.facmed.unam.mx\/index.php\/wp-json\/wp\/v2\/users\/1"}],"replies":[{"embeddable":true,"href":"https:\/\/disenoweb.facmed.unam.mx\/index.php\/wp-json\/wp\/v2\/comments?post=394"}],"version-history":[{"count":15,"href":"https:\/\/disenoweb.facmed.unam.mx\/index.php\/wp-json\/wp\/v2\/pages\/394\/revisions"}],"predecessor-version":[{"id":1674,"href":"https:\/\/disenoweb.facmed.unam.mx\/index.php\/wp-json\/wp\/v2\/pages\/394\/revisions\/1674"}],"wp:attachment":[{"href":"https:\/\/disenoweb.facmed.unam.mx\/index.php\/wp-json\/wp\/v2\/media?parent=394"}],"curies":[{"name":"wp","href":"https:\/\/api.w.org\/{rel}","templated":true}]}}