{"id":560,"date":"2018-04-06T07:44:37","date_gmt":"2018-04-06T13:44:37","guid":{"rendered":"https:\/\/disenoweb.facmed.unam.mx\/?page_id=560"},"modified":"2018-04-25T12:43:42","modified_gmt":"2018-04-25T18:43:42","slug":"agregar-pagina-a-menu","status":"publish","type":"page","link":"https:\/\/disenoweb.facmed.unam.mx\/index.php\/agregar-pagina-a-menu\/","title":{"rendered":"Agregar p\u00e1gina a menu"},"content":{"rendered":"<p>[et_pb_section fb_built=\u00bb1&#8243; background_color=\u00bb#f7f7f7&#8243; _builder_version=\u00bb3.0.94&#8243;][et_pb_row custom_padding=\u00bb0px|0px|27px|0px\u00bb _builder_version=\u00bb3.0.47&#8243; background_size=\u00bbinitial\u00bb background_position=\u00bbtop_left\u00bb background_repeat=\u00bbrepeat\u00bb][et_pb_column type=\u00bb4_4&#8243; _builder_version=\u00bb3.0.94&#8243; parallax=\u00bboff\u00bb parallax_method=\u00bbon\u00bb][et_pb_text _builder_version=\u00bb3.0.94&#8243; text_font=\u00bb||||||||\u00bb text_font_size=\u00bb81px\u00bb text_text_color=\u00bb#0cbbce\u00bb header_font=\u00bb||||||||\u00bb header_text_align=\u00bbcenter\u00bb text_orientation=\u00bbcenter\u00bb]<\/p>\n<p><span class=\"fa fa-bars\"> <\/span><\/p>\n<h1><strong>A\u00f1adir una Pesta\u00f1a al Menu<br \/><\/strong><\/h1>\n<p>[\/et_pb_text][\/et_pb_column][\/et_pb_row][\/et_pb_section][et_pb_section fb_built=\u00bb1&#8243; _builder_version=\u00bb3.0.94&#8243; custom_padding=\u00bb61px|0px|47px|0px\u00bb][et_pb_row custom_padding=\u00bb0px|0px|27px|0px\u00bb _builder_version=\u00bb3.0.94&#8243;][et_pb_column type=\u00bb4_4&#8243; _builder_version=\u00bb3.0.94&#8243; parallax=\u00bboff\u00bb parallax_method=\u00bbon\u00bb][et_pb_text _builder_version=\u00bb3.0.94&#8243;]<\/p>\n<p>Crearemos una p\u00e1gina y la a\u00f1adiremos al men\u00fa principal.\u00a0 <strong>Abajo del tutorial escrito podemos consultar el tutorial en v\u00eddeo.<\/strong><\/p>\n<p>[\/et_pb_text][et_pb_tabs active_tab_background_color=\u00bb#0cbfcc\u00bb _builder_version=\u00bb3.0.94&#8243; tab_font=\u00bb||||||||\u00bb][et_pb_tab title=\u00bb1. Apariencia-Men\u00fas\u00bb _builder_version=\u00bb3.0.94&#8243;]<img loading=\"lazy\" decoding=\"async\" src=\"https:\/\/disenoweb.facmed.unam.mx\/wp-content\/uploads\/2018\/04\/Captura-de-pantalla-2018-04-06-a-las-8.39.56-a.m..png\" width=\"1100\" height=\"766\" alt=\"\" class=\"wp-image-568 alignnone size-full\" srcset=\"https:\/\/disenoweb.facmed.unam.mx\/wp-content\/uploads\/2018\/04\/Captura-de-pantalla-2018-04-06-a-las-8.39.56-a.m..png 1100w, https:\/\/disenoweb.facmed.unam.mx\/wp-content\/uploads\/2018\/04\/Captura-de-pantalla-2018-04-06-a-las-8.39.56-a.m.-300x209.png 300w, https:\/\/disenoweb.facmed.unam.mx\/wp-content\/uploads\/2018\/04\/Captura-de-pantalla-2018-04-06-a-las-8.39.56-a.m.-768x535.png 768w, https:\/\/disenoweb.facmed.unam.mx\/wp-content\/uploads\/2018\/04\/Captura-de-pantalla-2018-04-06-a-las-8.39.56-a.m.-1024x713.png 1024w, https:\/\/disenoweb.facmed.unam.mx\/wp-content\/uploads\/2018\/04\/Captura-de-pantalla-2018-04-06-a-las-8.39.56-a.m.-1080x752.png 1080w\" sizes=\"(max-width: 1100px) 100vw, 1100px\" \/>[\/et_pb_tab][et_pb_tab title=\u00bb2. Seleccionar p\u00e1ginas\u00bb _builder_version=\u00bb3.0.94&#8243;]<img loading=\"lazy\" decoding=\"async\" src=\"https:\/\/disenoweb.facmed.unam.mx\/wp-content\/uploads\/2018\/04\/Captura-de-pantalla-2018-04-06-a-las-8.41.04-a.m..png\" width=\"1672\" height=\"956\" alt=\"\" class=\"wp-image-569 alignnone size-full\" srcset=\"https:\/\/disenoweb.facmed.unam.mx\/wp-content\/uploads\/2018\/04\/Captura-de-pantalla-2018-04-06-a-las-8.41.04-a.m..png 1672w, https:\/\/disenoweb.facmed.unam.mx\/wp-content\/uploads\/2018\/04\/Captura-de-pantalla-2018-04-06-a-las-8.41.04-a.m.-300x172.png 300w, https:\/\/disenoweb.facmed.unam.mx\/wp-content\/uploads\/2018\/04\/Captura-de-pantalla-2018-04-06-a-las-8.41.04-a.m.-768x439.png 768w, https:\/\/disenoweb.facmed.unam.mx\/wp-content\/uploads\/2018\/04\/Captura-de-pantalla-2018-04-06-a-las-8.41.04-a.m.-1024x585.png 1024w, https:\/\/disenoweb.facmed.unam.mx\/wp-content\/uploads\/2018\/04\/Captura-de-pantalla-2018-04-06-a-las-8.41.04-a.m.-1080x618.png 1080w\" sizes=\"(max-width: 1672px) 100vw, 1672px\" \/>[\/et_pb_tab][et_pb_tab title=\u00bb3. A\u00f1adir al men\u00fa\u00bb _builder_version=\u00bb3.0.94&#8243;]<img loading=\"lazy\" decoding=\"async\" src=\"https:\/\/disenoweb.facmed.unam.mx\/wp-content\/uploads\/2018\/04\/Captura-de-pantalla-2018-04-06-a-las-8.41.13-a.m..png\" width=\"1848\" height=\"1160\" alt=\"\" class=\"wp-image-572 alignnone size-full\" srcset=\"https:\/\/disenoweb.facmed.unam.mx\/wp-content\/uploads\/2018\/04\/Captura-de-pantalla-2018-04-06-a-las-8.41.13-a.m..png 1848w, https:\/\/disenoweb.facmed.unam.mx\/wp-content\/uploads\/2018\/04\/Captura-de-pantalla-2018-04-06-a-las-8.41.13-a.m.-300x188.png 300w, https:\/\/disenoweb.facmed.unam.mx\/wp-content\/uploads\/2018\/04\/Captura-de-pantalla-2018-04-06-a-las-8.41.13-a.m.-768x482.png 768w, https:\/\/disenoweb.facmed.unam.mx\/wp-content\/uploads\/2018\/04\/Captura-de-pantalla-2018-04-06-a-las-8.41.13-a.m.-1024x643.png 1024w, https:\/\/disenoweb.facmed.unam.mx\/wp-content\/uploads\/2018\/04\/Captura-de-pantalla-2018-04-06-a-las-8.41.13-a.m.-400x250.png 400w, https:\/\/disenoweb.facmed.unam.mx\/wp-content\/uploads\/2018\/04\/Captura-de-pantalla-2018-04-06-a-las-8.41.13-a.m.-1080x678.png 1080w\" sizes=\"(max-width: 1848px) 100vw, 1848px\" \/>[\/et_pb_tab][et_pb_tab title=\u00bb4. Colocarlas en donde corresponde \u00bb _builder_version=\u00bb3.0.94&#8243;]<\/p>\n<p>Puede ser como pesta\u00f1a principal o como submen\u00fa, si es submen\u00fa se arrastrara debajo de la principal, se alineara un poco m\u00e1s a la derecha que las principales.<\/p>\n<p><img loading=\"lazy\" decoding=\"async\" src=\"..\/..\/wp-content\/uploads\/2018\/04\/Captura-de-pantalla-2018-04-06-a-las-8.41.22-a.m..png\" alt=\"\" class=\"wp-image-573 alignnone size-full\" width=\"1722\" height=\"1078\" srcset=\"https:\/\/disenoweb.facmed.unam.mx\/wp-content\/uploads\/2018\/04\/Captura-de-pantalla-2018-04-06-a-las-8.41.22-a.m..png 1722w, https:\/\/disenoweb.facmed.unam.mx\/wp-content\/uploads\/2018\/04\/Captura-de-pantalla-2018-04-06-a-las-8.41.22-a.m.-300x188.png 300w, https:\/\/disenoweb.facmed.unam.mx\/wp-content\/uploads\/2018\/04\/Captura-de-pantalla-2018-04-06-a-las-8.41.22-a.m.-768x481.png 768w, https:\/\/disenoweb.facmed.unam.mx\/wp-content\/uploads\/2018\/04\/Captura-de-pantalla-2018-04-06-a-las-8.41.22-a.m.-1024x641.png 1024w, https:\/\/disenoweb.facmed.unam.mx\/wp-content\/uploads\/2018\/04\/Captura-de-pantalla-2018-04-06-a-las-8.41.22-a.m.-400x250.png 400w, https:\/\/disenoweb.facmed.unam.mx\/wp-content\/uploads\/2018\/04\/Captura-de-pantalla-2018-04-06-a-las-8.41.22-a.m.-1080x676.png 1080w\" sizes=\"(max-width: 1722px) 100vw, 1722px\" \/><\/p>\n<p>[\/et_pb_tab][\/et_pb_tabs][et_pb_text _builder_version=\u00bb3.0.94&#8243;]<\/p>\n<h1><strong><\/strong><\/h1>\n<h1><strong>Video<\/strong><\/h1>\n<p>[\/et_pb_text][et_pb_video src=\u00bbhttps:\/\/disenoweb.facmed.unam.mx\/wp-content\/uploads\/2018\/04\/nuevo-pestan\u0303a-menu.mov\u00bb _builder_version=\u00bb3.0.94&#8243;][\/et_pb_video][\/et_pb_column][\/et_pb_row][\/et_pb_section]<\/p>\n","protected":false},"excerpt":{"rendered":"<p>A\u00f1adir una Pesta\u00f1a al MenuCrearemos una p\u00e1gina y la a\u00f1adiremos al men\u00fa principal.\u00a0 Abajo del tutorial escrito podemos consultar el tutorial en v\u00eddeo.Puede ser como pesta\u00f1a principal o como submen\u00fa, si es submen\u00fa se arrastrara debajo de la principal, se alineara un poco m\u00e1s a la derecha que las principales. Video<\/p>\n","protected":false},"author":1,"featured_media":0,"parent":0,"menu_order":0,"comment_status":"closed","ping_status":"closed","template":"","meta":{"_et_pb_use_builder":"on","_et_pb_old_content":"","_et_gb_content_width":"","jetpack_post_was_ever_published":false,"footnotes":""},"jetpack_sharing_enabled":true,"jetpack_shortlink":"https:\/\/wp.me\/PaVGAT-92","amp_enabled":true,"_links":{"self":[{"href":"https:\/\/disenoweb.facmed.unam.mx\/index.php\/wp-json\/wp\/v2\/pages\/560"}],"collection":[{"href":"https:\/\/disenoweb.facmed.unam.mx\/index.php\/wp-json\/wp\/v2\/pages"}],"about":[{"href":"https:\/\/disenoweb.facmed.unam.mx\/index.php\/wp-json\/wp\/v2\/types\/page"}],"author":[{"embeddable":true,"href":"https:\/\/disenoweb.facmed.unam.mx\/index.php\/wp-json\/wp\/v2\/users\/1"}],"replies":[{"embeddable":true,"href":"https:\/\/disenoweb.facmed.unam.mx\/index.php\/wp-json\/wp\/v2\/comments?post=560"}],"version-history":[{"count":18,"href":"https:\/\/disenoweb.facmed.unam.mx\/index.php\/wp-json\/wp\/v2\/pages\/560\/revisions"}],"predecessor-version":[{"id":1417,"href":"https:\/\/disenoweb.facmed.unam.mx\/index.php\/wp-json\/wp\/v2\/pages\/560\/revisions\/1417"}],"wp:attachment":[{"href":"https:\/\/disenoweb.facmed.unam.mx\/index.php\/wp-json\/wp\/v2\/media?parent=560"}],"curies":[{"name":"wp","href":"https:\/\/api.w.org\/{rel}","templated":true}]}}