{"id":693,"date":"2018-04-06T12:01:36","date_gmt":"2018-04-06T18:01:36","guid":{"rendered":"https:\/\/disenoweb.facmed.unam.mx\/?page_id=693"},"modified":"2018-04-25T12:45:12","modified_gmt":"2018-04-25T18:45:12","slug":"agregar-carrusel","status":"publish","type":"page","link":"https:\/\/disenoweb.facmed.unam.mx\/index.php\/agregar-carrusel\/","title":{"rendered":"Agregar Carrusel"},"content":{"rendered":"<p>[et_pb_section fb_built=\u00bb1&#8243; background_color=\u00bb#efefef\u00bb _builder_version=\u00bb3.0.94&#8243;][et_pb_row custom_padding=\u00bb0px|0px|27px|0px\u00bb _builder_version=\u00bb3.0.47&#8243; background_size=\u00bbinitial\u00bb background_position=\u00bbtop_left\u00bb background_repeat=\u00bbrepeat\u00bb][et_pb_column type=\u00bb4_4&#8243; _builder_version=\u00bb3.0.94&#8243; parallax=\u00bboff\u00bb parallax_method=\u00bbon\u00bb][et_pb_text _builder_version=\u00bb3.0.94&#8243; text_font=\u00bb||||||||\u00bb text_font_size=\u00bb81px\u00bb text_text_color=\u00bb#0cbbce\u00bb header_font=\u00bb||||||||\u00bb header_text_align=\u00bbcenter\u00bb text_orientation=\u00bbcenter\u00bb]<\/p>\n<p><span class=\"fa fa-image\"><br \/> <\/span><\/p>\n<h1><strong>Carrousel inicial <br \/><\/strong><\/h1>\n<p>[\/et_pb_text][\/et_pb_column][\/et_pb_row][\/et_pb_section][et_pb_section fb_built=\u00bb1&#8243; _builder_version=\u00bb3.0.94&#8243;][et_pb_row custom_padding=\u00bb0px|0px|27px|0px\u00bb _builder_version=\u00bb3.0.94&#8243;][et_pb_column type=\u00bb4_4&#8243; _builder_version=\u00bb3.0.94&#8243; parallax=\u00bboff\u00bb parallax_method=\u00bbon\u00bb][et_pb_tabs active_tab_background_color=\u00bb#0cbbce\u00bb _builder_version=\u00bb3.0.94&#8243; tab_font=\u00bb||||||||\u00bb][et_pb_tab title=\u00bb1. Habilitar el constructor visual \u00bb _builder_version=\u00bb3.0.94&#8243;]<img loading=\"lazy\" decoding=\"async\" src=\"https:\/\/disenoweb.facmed.unam.mx\/wp-content\/uploads\/2018\/04\/Captura-de-pantalla-2018-04-06-a-las-1.09.19-p.m..png\" width=\"3176\" height=\"1090\" alt=\"\" class=\"wp-image-706 alignnone size-full\" srcset=\"https:\/\/disenoweb.facmed.unam.mx\/wp-content\/uploads\/2018\/04\/Captura-de-pantalla-2018-04-06-a-las-1.09.19-p.m..png 3176w, https:\/\/disenoweb.facmed.unam.mx\/wp-content\/uploads\/2018\/04\/Captura-de-pantalla-2018-04-06-a-las-1.09.19-p.m.-300x103.png 300w, https:\/\/disenoweb.facmed.unam.mx\/wp-content\/uploads\/2018\/04\/Captura-de-pantalla-2018-04-06-a-las-1.09.19-p.m.-768x264.png 768w, https:\/\/disenoweb.facmed.unam.mx\/wp-content\/uploads\/2018\/04\/Captura-de-pantalla-2018-04-06-a-las-1.09.19-p.m.-1024x351.png 1024w, https:\/\/disenoweb.facmed.unam.mx\/wp-content\/uploads\/2018\/04\/Captura-de-pantalla-2018-04-06-a-las-1.09.19-p.m.-1080x371.png 1080w\" sizes=\"(max-width: 3176px) 100vw, 3176px\" \/>[\/et_pb_tab][et_pb_tab title=\u00bb2. Agregar m\u00f3dulo ancho completo \u00bb _builder_version=\u00bb3.0.94&#8243;]<img loading=\"lazy\" decoding=\"async\" src=\"https:\/\/disenoweb.facmed.unam.mx\/wp-content\/uploads\/2018\/04\/Captura-de-pantalla-2018-04-06-a-las-1.09.52-p.m..png\" width=\"2986\" height=\"1018\" alt=\"\" class=\"wp-image-707 alignnone size-full\" srcset=\"https:\/\/disenoweb.facmed.unam.mx\/wp-content\/uploads\/2018\/04\/Captura-de-pantalla-2018-04-06-a-las-1.09.52-p.m..png 2986w, https:\/\/disenoweb.facmed.unam.mx\/wp-content\/uploads\/2018\/04\/Captura-de-pantalla-2018-04-06-a-las-1.09.52-p.m.-300x102.png 300w, https:\/\/disenoweb.facmed.unam.mx\/wp-content\/uploads\/2018\/04\/Captura-de-pantalla-2018-04-06-a-las-1.09.52-p.m.-768x262.png 768w, https:\/\/disenoweb.facmed.unam.mx\/wp-content\/uploads\/2018\/04\/Captura-de-pantalla-2018-04-06-a-las-1.09.52-p.m.-1024x349.png 1024w, https:\/\/disenoweb.facmed.unam.mx\/wp-content\/uploads\/2018\/04\/Captura-de-pantalla-2018-04-06-a-las-1.09.52-p.m.-1080x368.png 1080w\" sizes=\"(max-width: 2986px) 100vw, 2986px\" \/>[\/et_pb_tab][et_pb_tab title=\u00bb3.  Control deslizante \u00bb _builder_version=\u00bb3.0.94&#8243;]<img loading=\"lazy\" decoding=\"async\" src=\"https:\/\/disenoweb.facmed.unam.mx\/wp-content\/uploads\/2018\/04\/Captura-de-pantalla-2018-04-06-a-las-1.09.59-p.m..png\" width=\"2034\" height=\"1280\" alt=\"\" class=\"wp-image-710 alignnone size-full\" srcset=\"https:\/\/disenoweb.facmed.unam.mx\/wp-content\/uploads\/2018\/04\/Captura-de-pantalla-2018-04-06-a-las-1.09.59-p.m..png 2034w, https:\/\/disenoweb.facmed.unam.mx\/wp-content\/uploads\/2018\/04\/Captura-de-pantalla-2018-04-06-a-las-1.09.59-p.m.-300x189.png 300w, https:\/\/disenoweb.facmed.unam.mx\/wp-content\/uploads\/2018\/04\/Captura-de-pantalla-2018-04-06-a-las-1.09.59-p.m.-768x483.png 768w, https:\/\/disenoweb.facmed.unam.mx\/wp-content\/uploads\/2018\/04\/Captura-de-pantalla-2018-04-06-a-las-1.09.59-p.m.-1024x644.png 1024w, https:\/\/disenoweb.facmed.unam.mx\/wp-content\/uploads\/2018\/04\/Captura-de-pantalla-2018-04-06-a-las-1.09.59-p.m.-1080x680.png 1080w\" sizes=\"(max-width: 2034px) 100vw, 2034px\" \/>[\/et_pb_tab][et_pb_tab title=\u00bb4. A\u00f1adir nuevo \u00bb _builder_version=\u00bb3.0.94&#8243;]<\/p>\n<p>Agregar t\u00edtulo, texto de bot\u00f3n\u00a0 y el enlace.<\/p>\n<p>\u00a0<img loading=\"lazy\" decoding=\"async\" src=\"..\/..\/wp-content\/uploads\/2018\/04\/Captura-de-pantalla-2018-04-06-a-las-1.19.23-p.m..png\" alt=\"\" class=\"wp-image-712 alignnone size-full\" width=\"1146\" height=\"1254\" srcset=\"https:\/\/disenoweb.facmed.unam.mx\/wp-content\/uploads\/2018\/04\/Captura-de-pantalla-2018-04-06-a-las-1.19.23-p.m..png 1146w, https:\/\/disenoweb.facmed.unam.mx\/wp-content\/uploads\/2018\/04\/Captura-de-pantalla-2018-04-06-a-las-1.19.23-p.m.-274x300.png 274w, https:\/\/disenoweb.facmed.unam.mx\/wp-content\/uploads\/2018\/04\/Captura-de-pantalla-2018-04-06-a-las-1.19.23-p.m.-768x840.png 768w, https:\/\/disenoweb.facmed.unam.mx\/wp-content\/uploads\/2018\/04\/Captura-de-pantalla-2018-04-06-a-las-1.19.23-p.m.-936x1024.png 936w, https:\/\/disenoweb.facmed.unam.mx\/wp-content\/uploads\/2018\/04\/Captura-de-pantalla-2018-04-06-a-las-1.19.23-p.m.-1080x1182.png 1080w\" sizes=\"(max-width: 1146px) 100vw, 1146px\" \/><img loading=\"lazy\" decoding=\"async\" src=\"..\/..\/wp-content\/uploads\/2018\/04\/Captura-de-pantalla-2018-04-06-a-las-1.19.09-p.m..png\" alt=\"\" class=\"wp-image-713 alignnone size-full\" width=\"1102\" height=\"1204\" srcset=\"https:\/\/disenoweb.facmed.unam.mx\/wp-content\/uploads\/2018\/04\/Captura-de-pantalla-2018-04-06-a-las-1.19.09-p.m..png 1102w, https:\/\/disenoweb.facmed.unam.mx\/wp-content\/uploads\/2018\/04\/Captura-de-pantalla-2018-04-06-a-las-1.19.09-p.m.-275x300.png 275w, https:\/\/disenoweb.facmed.unam.mx\/wp-content\/uploads\/2018\/04\/Captura-de-pantalla-2018-04-06-a-las-1.19.09-p.m.-768x839.png 768w, https:\/\/disenoweb.facmed.unam.mx\/wp-content\/uploads\/2018\/04\/Captura-de-pantalla-2018-04-06-a-las-1.19.09-p.m.-937x1024.png 937w, https:\/\/disenoweb.facmed.unam.mx\/wp-content\/uploads\/2018\/04\/Captura-de-pantalla-2018-04-06-a-las-1.19.09-p.m.-1080x1180.png 1080w\" sizes=\"(max-width: 1102px) 100vw, 1102px\" \/><\/p>\n<p>[\/et_pb_tab][et_pb_tab title=\u00bb5. Agregar imagen de fondo \u00bb _builder_version=\u00bb3.0.94&#8243;]<\/p>\n<h4><strong>IMPORTANTE: LAS IM\u00c1GENES QUE SE AGREGUEN COMO FONDO DEL CARRUSEL\u00a0 DEBEN DE SER DE EXCELENTE CALIDAD DE TAMA\u00d1O MAYOR DE 2000PX DE ANCHO.<\/strong><\/h4>\n<p><a href=\"..\/imagenes\/\" target=\"_blank\" rel=\"noopener noreferrer\"><span style=\"color: #0c71c3;\">AQU\u00cd M\u00c1S INFORMACI\u00d3N SOBRE IMAGENES<\/span><\/a><\/p>\n<p><img loading=\"lazy\" decoding=\"async\" src=\"..\/..\/wp-content\/uploads\/2018\/04\/Captura-de-pantalla-2018-04-06-a-las-1.21.05-p.m..png\" alt=\"\" class=\"wp-image-715 alignnone size-full\" width=\"966\" height=\"642\" srcset=\"https:\/\/disenoweb.facmed.unam.mx\/wp-content\/uploads\/2018\/04\/Captura-de-pantalla-2018-04-06-a-las-1.21.05-p.m..png 966w, https:\/\/disenoweb.facmed.unam.mx\/wp-content\/uploads\/2018\/04\/Captura-de-pantalla-2018-04-06-a-las-1.21.05-p.m.-300x199.png 300w, https:\/\/disenoweb.facmed.unam.mx\/wp-content\/uploads\/2018\/04\/Captura-de-pantalla-2018-04-06-a-las-1.21.05-p.m.-768x510.png 768w\" sizes=\"(max-width: 966px) 100vw, 966px\" \/><\/p>\n<p>[\/et_pb_tab][et_pb_tab title=\u00bb6. Dar formato al texto \u00bb _builder_version=\u00bb3.0.94&#8243;]<\/p>\n<p><img loading=\"lazy\" decoding=\"async\" src=\"https:\/\/disenoweb.facmed.unam.mx\/wp-content\/uploads\/2018\/04\/Captura-de-pantalla-2018-04-06-a-las-1.11.21-p.m..png\" alt=\"\" class=\"wp-image-716 alignnone size-full\" height=\"1282\" width=\"2034\" srcset=\"https:\/\/disenoweb.facmed.unam.mx\/wp-content\/uploads\/2018\/04\/Captura-de-pantalla-2018-04-06-a-las-1.11.21-p.m..png 2034w, https:\/\/disenoweb.facmed.unam.mx\/wp-content\/uploads\/2018\/04\/Captura-de-pantalla-2018-04-06-a-las-1.11.21-p.m.-300x189.png 300w, https:\/\/disenoweb.facmed.unam.mx\/wp-content\/uploads\/2018\/04\/Captura-de-pantalla-2018-04-06-a-las-1.11.21-p.m.-768x484.png 768w, https:\/\/disenoweb.facmed.unam.mx\/wp-content\/uploads\/2018\/04\/Captura-de-pantalla-2018-04-06-a-las-1.11.21-p.m.-1024x645.png 1024w, https:\/\/disenoweb.facmed.unam.mx\/wp-content\/uploads\/2018\/04\/Captura-de-pantalla-2018-04-06-a-las-1.11.21-p.m.-1080x681.png 1080w\" sizes=\"(max-width: 2034px) 100vw, 2034px\" \/><\/p>\n<p>[\/et_pb_tab][\/et_pb_tabs][et_pb_text _builder_version=\u00bb3.0.94&#8243;]<\/p>\n<h1><strong>Video<\/strong><\/h1>\n<p>[\/et_pb_text][et_pb_video src=\u00bbhttps:\/\/disenoweb.facmed.unam.mx\/wp-content\/uploads\/2018\/04\/AGREGAR-GALERIA.mov\u00bb _builder_version=\u00bb3.0.94&#8243;][\/et_pb_video][\/et_pb_column][\/et_pb_row][\/et_pb_section]<\/p>\n","protected":false},"excerpt":{"rendered":"<p>Carrousel inicial Agregar t\u00edtulo, texto de bot\u00f3n\u00a0 y el enlace. \u00a0IMPORTANTE: LAS IM\u00c1GENES QUE SE AGREGUEN COMO FONDO DEL CARRUSEL\u00a0 DEBEN DE SER DE EXCELENTE CALIDAD DE TAMA\u00d1O MAYOR DE 2000PX DE ANCHO. AQU\u00cd M\u00c1S INFORMACI\u00d3N SOBRE IMAGENES Video<\/p>\n","protected":false},"author":1,"featured_media":0,"parent":0,"menu_order":0,"comment_status":"closed","ping_status":"closed","template":"","meta":{"_et_pb_use_builder":"on","_et_pb_old_content":"","_et_gb_content_width":"","jetpack_post_was_ever_published":false,"footnotes":""},"jetpack_sharing_enabled":true,"jetpack_shortlink":"https:\/\/wp.me\/PaVGAT-bb","amp_enabled":true,"_links":{"self":[{"href":"https:\/\/disenoweb.facmed.unam.mx\/index.php\/wp-json\/wp\/v2\/pages\/693"}],"collection":[{"href":"https:\/\/disenoweb.facmed.unam.mx\/index.php\/wp-json\/wp\/v2\/pages"}],"about":[{"href":"https:\/\/disenoweb.facmed.unam.mx\/index.php\/wp-json\/wp\/v2\/types\/page"}],"author":[{"embeddable":true,"href":"https:\/\/disenoweb.facmed.unam.mx\/index.php\/wp-json\/wp\/v2\/users\/1"}],"replies":[{"embeddable":true,"href":"https:\/\/disenoweb.facmed.unam.mx\/index.php\/wp-json\/wp\/v2\/comments?post=693"}],"version-history":[{"count":13,"href":"https:\/\/disenoweb.facmed.unam.mx\/index.php\/wp-json\/wp\/v2\/pages\/693\/revisions"}],"predecessor-version":[{"id":1419,"href":"https:\/\/disenoweb.facmed.unam.mx\/index.php\/wp-json\/wp\/v2\/pages\/693\/revisions\/1419"}],"wp:attachment":[{"href":"https:\/\/disenoweb.facmed.unam.mx\/index.php\/wp-json\/wp\/v2\/media?parent=693"}],"curies":[{"name":"wp","href":"https:\/\/api.w.org\/{rel}","templated":true}]}}