{"id":899,"date":"2018-04-10T08:11:52","date_gmt":"2018-04-10T14:11:52","guid":{"rendered":"https:\/\/disenoweb.facmed.unam.mx\/?page_id=899"},"modified":"2018-04-25T12:44:40","modified_gmt":"2018-04-25T18:44:40","slug":"galeria","status":"publish","type":"page","link":"https:\/\/disenoweb.facmed.unam.mx\/index.php\/galeria\/","title":{"rendered":"Galer\u00eda"},"content":{"rendered":"<p>[et_pb_section fb_built=\u00bb1&#8243; background_color=\u00bb#ededed\u00bb _builder_version=\u00bb3.0.94&#8243;][et_pb_row custom_padding=\u00bb0px|0px|27px|0px\u00bb _builder_version=\u00bb3.0.47&#8243; background_size=\u00bbinitial\u00bb background_position=\u00bbtop_left\u00bb background_repeat=\u00bbrepeat\u00bb][et_pb_column type=\u00bb4_4&#8243; _builder_version=\u00bb3.0.94&#8243; parallax=\u00bboff\u00bb parallax_method=\u00bbon\u00bb][et_pb_text _builder_version=\u00bb3.0.94&#8243; text_font=\u00bb||||||||\u00bb text_font_size=\u00bb81px\u00bb text_text_color=\u00bb#0cbbce\u00bb header_font=\u00bb||||||||\u00bb header_text_align=\u00bbcenter\u00bb text_orientation=\u00bbcenter\u00bb]<span class=\"fa fa-image\"> <\/span><\/p>\n<h1><strong>Galer\u00eda<br \/>\n<\/strong><\/h1>\n<p>[\/et_pb_text][\/et_pb_column][\/et_pb_row][\/et_pb_section][et_pb_section fb_built=\u00bb1&#8243; _builder_version=\u00bb3.0.94&#8243;][et_pb_row _builder_version=\u00bb3.0.94&#8243;][et_pb_column type=\u00bb4_4&#8243; _builder_version=\u00bb3.0.94&#8243; parallax=\u00bboff\u00bb parallax_method=\u00bbon\u00bb][et_pb_text _builder_version=\u00bb3.0.94&#8243;]<\/p>\n<p>Crearemos una galer\u00eda\u00a0 tipo rejilla o deslizador.\u00a0 <strong>Abajo del tutorial escrito podemos consultar el tutorial en v\u00eddeo.<\/strong><\/p>\n<p>[\/et_pb_text][et_pb_tabs active_tab_background_color=\u00bb#0db6d8&#8243; _builder_version=\u00bb3.0.94&#8243; tab_font=\u00bb||||||||\u00bb box_shadow_style=\u00bbpreset1&#8243;][et_pb_tab title=\u00bb1. A\u00f1adir nueva fila \u00bb _builder_version=\u00bb3.0.94&#8243;]<\/p>\n<p>A\u00f1adimos un nuevo m\u00f3dulo, puede ser columna completa o dos columnas, una para el texto y otra para la galer\u00eda<\/p>\n<p><img loading=\"lazy\" decoding=\"async\" src=\"https:\/\/disenoweb.facmed.unam.mx\/wp-content\/uploads\/2018\/04\/Captura-de-pantalla-2018-04-10-a-las-9.21.55-a.m..png\" alt=\"\" class=\"wp-image-913 alignnone size-full\" width=\"2544\" height=\"1198\" srcset=\"https:\/\/disenoweb.facmed.unam.mx\/wp-content\/uploads\/2018\/04\/Captura-de-pantalla-2018-04-10-a-las-9.21.55-a.m..png 2544w, https:\/\/disenoweb.facmed.unam.mx\/wp-content\/uploads\/2018\/04\/Captura-de-pantalla-2018-04-10-a-las-9.21.55-a.m.-300x141.png 300w, https:\/\/disenoweb.facmed.unam.mx\/wp-content\/uploads\/2018\/04\/Captura-de-pantalla-2018-04-10-a-las-9.21.55-a.m.-768x362.png 768w, https:\/\/disenoweb.facmed.unam.mx\/wp-content\/uploads\/2018\/04\/Captura-de-pantalla-2018-04-10-a-las-9.21.55-a.m.-1024x482.png 1024w, https:\/\/disenoweb.facmed.unam.mx\/wp-content\/uploads\/2018\/04\/Captura-de-pantalla-2018-04-10-a-las-9.21.55-a.m.-1080x509.png 1080w\" sizes=\"(max-width: 2544px) 100vw, 2544px\" \/><\/p>\n<p>\u00a0<\/p>\n<p>\u00a0<\/p>\n<p>\u00a0<\/p>\n<p>\u00a0<\/p>\n<p>\u00a0<\/p>\n<p>\u00a0<\/p>\n<p>\u00a0<\/p>\n<p>[\/et_pb_tab][et_pb_tab title=\u00bb2. A\u00f1adimos una galer\u00eda\u00bb _builder_version=\u00bb3.0.94&#8243;]<\/p>\n<p><img loading=\"lazy\" decoding=\"async\" src=\"https:\/\/disenoweb.facmed.unam.mx\/wp-content\/uploads\/2018\/04\/Captura-de-pantalla-2018-04-10-a-las-9.22.12-a.m..png\" alt=\"\" class=\"wp-image-904 alignnone size-full\" width=\"2546\" height=\"1444\" srcset=\"https:\/\/disenoweb.facmed.unam.mx\/wp-content\/uploads\/2018\/04\/Captura-de-pantalla-2018-04-10-a-las-9.22.12-a.m..png 2546w, https:\/\/disenoweb.facmed.unam.mx\/wp-content\/uploads\/2018\/04\/Captura-de-pantalla-2018-04-10-a-las-9.22.12-a.m.-300x170.png 300w, https:\/\/disenoweb.facmed.unam.mx\/wp-content\/uploads\/2018\/04\/Captura-de-pantalla-2018-04-10-a-las-9.22.12-a.m.-768x436.png 768w, https:\/\/disenoweb.facmed.unam.mx\/wp-content\/uploads\/2018\/04\/Captura-de-pantalla-2018-04-10-a-las-9.22.12-a.m.-1024x581.png 1024w, https:\/\/disenoweb.facmed.unam.mx\/wp-content\/uploads\/2018\/04\/Captura-de-pantalla-2018-04-10-a-las-9.22.12-a.m.-1080x613.png 1080w\" sizes=\"(max-width: 2546px) 100vw, 2546px\" \/><\/p>\n<p>[\/et_pb_tab][et_pb_tab title=\u00bb3. Actualizamos galer\u00eda\u00bb _builder_version=\u00bb3.0.94&#8243;]<\/p>\n<p>Actualizamos galer\u00eda y seleccionamos las im\u00e1genes que queremos.<\/p>\n<p><img loading=\"lazy\" decoding=\"async\" src=\"..\/..\/wp-content\/uploads\/2018\/04\/Captura-de-pantalla-2018-04-10-a-las-9.22.19-a.m..png\" alt=\"\" class=\"wp-image-905 alignnone size-full\" width=\"2862\" height=\"1430\" srcset=\"https:\/\/disenoweb.facmed.unam.mx\/wp-content\/uploads\/2018\/04\/Captura-de-pantalla-2018-04-10-a-las-9.22.19-a.m..png 2862w, https:\/\/disenoweb.facmed.unam.mx\/wp-content\/uploads\/2018\/04\/Captura-de-pantalla-2018-04-10-a-las-9.22.19-a.m.-300x150.png 300w, https:\/\/disenoweb.facmed.unam.mx\/wp-content\/uploads\/2018\/04\/Captura-de-pantalla-2018-04-10-a-las-9.22.19-a.m.-768x384.png 768w, https:\/\/disenoweb.facmed.unam.mx\/wp-content\/uploads\/2018\/04\/Captura-de-pantalla-2018-04-10-a-las-9.22.19-a.m.-1024x512.png 1024w, https:\/\/disenoweb.facmed.unam.mx\/wp-content\/uploads\/2018\/04\/Captura-de-pantalla-2018-04-10-a-las-9.22.19-a.m.-1080x540.png 1080w\" sizes=\"(max-width: 2862px) 100vw, 2862px\" \/><img loading=\"lazy\" decoding=\"async\" src=\"..\/..\/wp-content\/uploads\/2018\/04\/Captura-de-pantalla-2018-04-10-a-las-9.22.35-a.m..png\" alt=\"\" class=\"wp-image-906 alignnone size-full\" width=\"3086\" height=\"1484\" srcset=\"https:\/\/disenoweb.facmed.unam.mx\/wp-content\/uploads\/2018\/04\/Captura-de-pantalla-2018-04-10-a-las-9.22.35-a.m..png 3086w, https:\/\/disenoweb.facmed.unam.mx\/wp-content\/uploads\/2018\/04\/Captura-de-pantalla-2018-04-10-a-las-9.22.35-a.m.-300x144.png 300w, https:\/\/disenoweb.facmed.unam.mx\/wp-content\/uploads\/2018\/04\/Captura-de-pantalla-2018-04-10-a-las-9.22.35-a.m.-768x369.png 768w, https:\/\/disenoweb.facmed.unam.mx\/wp-content\/uploads\/2018\/04\/Captura-de-pantalla-2018-04-10-a-las-9.22.35-a.m.-1024x492.png 1024w, https:\/\/disenoweb.facmed.unam.mx\/wp-content\/uploads\/2018\/04\/Captura-de-pantalla-2018-04-10-a-las-9.22.35-a.m.-1080x519.png 1080w\" sizes=\"(max-width: 3086px) 100vw, 3086px\" \/><\/p>\n<p>[\/et_pb_tab][et_pb_tab title=\u00bb4. T\u00edtulo y leyenda \u00bb _builder_version=\u00bb3.0.94&#8243;]<\/p>\n<p>En Contenido-Elementos podemos activar o desactivar el t\u00edtulo de la imagen.<img loading=\"lazy\" decoding=\"async\" src=\"https:\/\/disenoweb.facmed.unam.mx\/wp-content\/uploads\/2018\/04\/Captura-de-pantalla-2018-04-10-a-las-9.22.42-a.m..png\" alt=\"\" class=\"wp-image-907 alignnone size-full\" width=\"1734\" height=\"1192\" srcset=\"https:\/\/disenoweb.facmed.unam.mx\/wp-content\/uploads\/2018\/04\/Captura-de-pantalla-2018-04-10-a-las-9.22.42-a.m..png 1734w, https:\/\/disenoweb.facmed.unam.mx\/wp-content\/uploads\/2018\/04\/Captura-de-pantalla-2018-04-10-a-las-9.22.42-a.m.-300x206.png 300w, https:\/\/disenoweb.facmed.unam.mx\/wp-content\/uploads\/2018\/04\/Captura-de-pantalla-2018-04-10-a-las-9.22.42-a.m.-768x528.png 768w, https:\/\/disenoweb.facmed.unam.mx\/wp-content\/uploads\/2018\/04\/Captura-de-pantalla-2018-04-10-a-las-9.22.42-a.m.-1024x704.png 1024w, https:\/\/disenoweb.facmed.unam.mx\/wp-content\/uploads\/2018\/04\/Captura-de-pantalla-2018-04-10-a-las-9.22.42-a.m.-1080x742.png 1080w\" sizes=\"(max-width: 1734px) 100vw, 1734px\" \/><\/p>\n<p>[\/et_pb_tab][et_pb_tab title=\u00bb5. Galer\u00eda tipo rejilla  o deslizador\u00bb _builder_version=\u00bb3.0.94&#8243; tab_font=\u00bb||||||||\u00bb]<\/p>\n<p>Por default el dise\u00f1o de la galeria\u00a0 es tipo rejilla, pero podemos cambiarla por un deslizador en <strong>Dise\u00f1o- Dise\u00f1o-Deslizador<\/strong><\/p>\n<p><strong><\/strong><\/p>\n<p><img loading=\"lazy\" decoding=\"async\" src=\"..\/..\/wp-content\/uploads\/2018\/04\/Captura-de-pantalla-2018-04-10-a-las-9.23.10-a.m..png\" alt=\"\" class=\"wp-image-910 alignnone size-full\" width=\"2218\" height=\"1398\" srcset=\"https:\/\/disenoweb.facmed.unam.mx\/wp-content\/uploads\/2018\/04\/Captura-de-pantalla-2018-04-10-a-las-9.23.10-a.m..png 2218w, https:\/\/disenoweb.facmed.unam.mx\/wp-content\/uploads\/2018\/04\/Captura-de-pantalla-2018-04-10-a-las-9.23.10-a.m.-300x189.png 300w, https:\/\/disenoweb.facmed.unam.mx\/wp-content\/uploads\/2018\/04\/Captura-de-pantalla-2018-04-10-a-las-9.23.10-a.m.-768x484.png 768w, https:\/\/disenoweb.facmed.unam.mx\/wp-content\/uploads\/2018\/04\/Captura-de-pantalla-2018-04-10-a-las-9.23.10-a.m.-1024x645.png 1024w, https:\/\/disenoweb.facmed.unam.mx\/wp-content\/uploads\/2018\/04\/Captura-de-pantalla-2018-04-10-a-las-9.23.10-a.m.-1080x681.png 1080w\" sizes=\"(max-width: 2218px) 100vw, 2218px\" \/><\/p>\n<p>[\/et_pb_tab][\/et_pb_tabs][et_pb_text _builder_version=\u00bb3.0.94&#8243;]<\/p>\n<h1>Video<\/h1>\n<p>[\/et_pb_text][et_pb_video src=\u00bbhttps:\/\/disenoweb.facmed.unam.mx\/wp-content\/uploads\/2018\/04\/galeria.mov\u00bb _builder_version=\u00bb3.0.94&#8243;][\/et_pb_video][\/et_pb_column][\/et_pb_row][\/et_pb_section]<\/p>\n","protected":false},"excerpt":{"rendered":"<p>Galer\u00eda Crearemos una galer\u00eda\u00a0 tipo rejilla o deslizador.\u00a0 Abajo del tutorial escrito podemos consultar el tutorial en v\u00eddeo.A\u00f1adimos un nuevo m\u00f3dulo, puede ser columna completa o dos columnas, una para el texto y otra para la galer\u00eda \u00a0 \u00a0 \u00a0 \u00a0 \u00a0 \u00a0 \u00a0Actualizamos galer\u00eda y seleccionamos las im\u00e1genes que queremos. En Contenido-Elementos podemos activar [&hellip;]<\/p>\n","protected":false},"author":1,"featured_media":0,"parent":0,"menu_order":0,"comment_status":"closed","ping_status":"closed","template":"","meta":{"_et_pb_use_builder":"on","_et_pb_old_content":"","_et_gb_content_width":"","jetpack_post_was_ever_published":false,"footnotes":""},"jetpack_sharing_enabled":true,"jetpack_shortlink":"https:\/\/wp.me\/PaVGAT-ev","amp_enabled":true,"_links":{"self":[{"href":"https:\/\/disenoweb.facmed.unam.mx\/index.php\/wp-json\/wp\/v2\/pages\/899"}],"collection":[{"href":"https:\/\/disenoweb.facmed.unam.mx\/index.php\/wp-json\/wp\/v2\/pages"}],"about":[{"href":"https:\/\/disenoweb.facmed.unam.mx\/index.php\/wp-json\/wp\/v2\/types\/page"}],"author":[{"embeddable":true,"href":"https:\/\/disenoweb.facmed.unam.mx\/index.php\/wp-json\/wp\/v2\/users\/1"}],"replies":[{"embeddable":true,"href":"https:\/\/disenoweb.facmed.unam.mx\/index.php\/wp-json\/wp\/v2\/comments?post=899"}],"version-history":[{"count":13,"href":"https:\/\/disenoweb.facmed.unam.mx\/index.php\/wp-json\/wp\/v2\/pages\/899\/revisions"}],"predecessor-version":[{"id":1418,"href":"https:\/\/disenoweb.facmed.unam.mx\/index.php\/wp-json\/wp\/v2\/pages\/899\/revisions\/1418"}],"wp:attachment":[{"href":"https:\/\/disenoweb.facmed.unam.mx\/index.php\/wp-json\/wp\/v2\/media?parent=899"}],"curies":[{"name":"wp","href":"https:\/\/api.w.org\/{rel}","templated":true}]}}